{"id":1920,"date":"2018-10-26T02:43:37","date_gmt":"2018-10-26T00:43:37","guid":{"rendered":"https:\/\/dupre-toitures.fr\/?page_id=1920"},"modified":"2018-10-26T02:43:37","modified_gmt":"2018-10-26T00:43:37","slug":"mentions-legales","status":"publish","type":"page","link":"https:\/\/dupre-toitures.fr\/index.php\/mentions-legales\/","title":{"rendered":"Mentions l\u00e9gales"},"content":{"rendered":"<p>Conform\u00e9ment aux dispositions des Articles 6-III et 19 de la Loi n\u00b02004-575 du 21 juin 2004 pour la Confiance dans l\u2019\u00e9conomie num\u00e9rique, dite L.C.E.N., il est port\u00e9 \u00e0 la connaissance des Utilisateurs du site Conform\u00e9ment aux dispositions des Articles 6-III et 19 de la Loi n\u00b02004-575 du 21 juin 2004 pour la Confiance dans l\u2019\u00e9conomie num\u00e9rique, dite L.C.E.N., il est port\u00e9 \u00e0 la connaissance des Utilisateurs du site <a href=\"https:\/\/dupre-toitures.fr\/\">https:\/\/dupre-toitures.fr<\/a> les pr\u00e9sentes mentions l\u00e9gales. La connexion et la navigation sur le site <a href=\"https:\/\/dupre-toitures.fr\/\">https:\/\/dupre-toitures.fr<\/a> par l\u2019Utilisateur implique acceptation int\u00e9grale et sans r\u00e9serve des pr\u00e9sentes mentions l\u00e9gales. Ces derni\u00e8res sont accessibles sur le site \u00e0 la rubrique \u00ab Mentions l\u00e9gales \u00bb.<\/p>\n<p><strong>ARTICLE 1 :<\/strong> L\u2019\u00e9dition du site <a href=\"https:\/\/dupre-toitures.fr\/\">https:\/\/dupre-toitures.fr<\/a> est assur\u00e9e par la Soci\u00e9t\u00e9\u00a0 DUPRE TOITURES au capital de 15 K euros, <strong>N\u00b0 SIRET<\/strong> de l\u2019\u00e9tablissement :\u00a0 83948923400014 \u00a0R.C.S. FR66839489234 de\u00a0LONS-LE-SAUNIER,\u00a0 dont le si\u00e8ge social est situ\u00e9 au 7 route du Deschaux, 39380 MONT-SOUS-VAUDREY. Le Directeur de la publication est Dupr\u00e9 Toitures<\/p>\n<p><strong>ARTICLE 2 :<\/strong> L\u2019h\u00e9bergeur du site <a href=\"https:\/\/dupre-toitures.fr\/\">https:\/\/dupre-toitures.fr<\/a>\u200b est la Soci\u00e9t\u00e9 SAS OVH, au capital de 10 059 000 \u20ac, immatricul\u00e9e au RCS de Lille sous le num\u00e9ro 424 761 419 00045, dont le si\u00e8ge social est situ\u00e9 au 2 rue Kellermann, 59100 Roubaix<\/p>\n<p><strong>ARTICLE 3 :<\/strong> Le site est accessible par tout endroit, 7j\/7, 24h\/24 sauf cas de force majeure, interruption programm\u00e9e ou non et pouvant d\u00e9couler d\u2019une n\u00e9cessit\u00e9 de maintenance. En cas de modification, interruption ou suspension des services le site <a href=\"https:\/\/dupre-toitures.fr\/\">https:\/\/dupre-toitures.fr<\/a> ne saurait \u00eatre tenu responsable.<\/p>\n<p><strong>ARTICLE 4 :<\/strong> <strong>Collecte des donn\u00e9es<\/strong> Le site assure \u00e0 l\u2019Utilisateur une collecte et un traitement d\u2019informations personnelles dans le respect de la vie priv\u00e9e conform\u00e9ment \u00e0 la loi n\u00b078-17 du 6 janvier 1978 relative \u00e0 l\u2019informatique, aux fichiers et aux libert\u00e9s. En vertu de la loi Informatique et Libert\u00e9s, en date du 6 janvier 1978, l\u2019Utilisateur dispose d\u2019un droit d\u2019acc\u00e8s, de rectification, de suppression et d\u2019opposition de ses donn\u00e9es personnelles. L\u2019Utilisateur exerce ce droit : par mail \u00e0 <a href=\"patrickrobert01@wanadoo.fr%20\">xxxxxxxxxx@xxxxxx<\/a> par voie postale, 7 route du Deschaux, 39380 MONT-SOUS-VAUDREY.<\/p>\n<p><strong>ARTICLE 5 :<\/strong> Cookies L\u2019Utilisateur est inform\u00e9 que lors de ses visites sur le site, un cookie peut s\u2019installer automatiquement sur son logiciel de navigation. Les cookies sont de petits fichiers stock\u00e9s temporairement sur le disque dur de l\u2019ordinateur de l\u2019Utilisateur par votre navigateur et qui sont n\u00e9cessaires \u00e0 l\u2019utilisation du site <a href=\"https:\/\/dupre-toitures.fr\/\">https:\/\/dupre-toitures.fr<\/a>\u200b. Les cookies ne contiennent pas d\u2019information personnelle et ne peuvent pas \u00eatre utilis\u00e9s pour identifier quelqu\u2019un. Un cookie contient un identifiant unique, g\u00e9n\u00e9r\u00e9 al\u00e9atoirement et donc anonyme. Certains cookies expirent \u00e0 la fin de la visite de l\u2019Utilisateur, d\u2019autres restent.<\/p>\n<p>L\u2019information contenue dans les cookies est utilis\u00e9e pour am\u00e9liorer le site, par exemple en :<\/p>\n<p>\u2013 permettant \u00e0 un service de reconna\u00eetre l\u2019appareil de l\u2019Utilisateur, pour qu\u2019il n\u2019ait pas \u00e0 donner les m\u00eames informations \u00e0 plusieurs reprises, par exemple remplir un formulaire ou une enqu\u00eate.<\/p>\n<p>\u2013 m\u00e9morisant que vous l\u2019Utilisateur a d\u00e9j\u00e0 donn\u00e9 ses identifiant et mot de passe, pour ne pas avoir \u00e0 le refaire \u00e0 chaque nouvelle page.<\/p>\n<p>\u2013 surveillant comment les utilisateurs se servent des services, pour les rendre plus simples d\u2019utilisation et allouer suffisamment de puissance pour s\u2019assurer de leur r\u00e9activit\u00e9. \u2013 analysant des donn\u00e9es \u00ab anonymis\u00e9es \u00bb pour aider \u00e0 comprendre comment les utilisateurs interagissent avec les diff\u00e9rents aspects des services en ligne et donc permettre de les am\u00e9liorer.<\/p>\n<p>En naviguant sur le site, L\u2019Utilisateur les accepte. A d\u00e9faut d\u2019acceptation, l\u2019Utilisateur est inform\u00e9 que certaines fonctionnalit\u00e9s ou pages risquent de lui \u00eatre refus\u00e9es. L\u2019Utilisateur pourra d\u00e9sactiver ce cookie par l\u2019interm\u00e9diaire des param\u00e8tres figurant au sein de son logiciel de navigation.<\/p>\n<p><strong>ARTICLE 6 :<\/strong> Propri\u00e9t\u00e9 intellectuelle Toute utilisation, reproduction, diffusion, commercialisation, modification de toute ou partie du site \u00a0<a href=\"https:\/\/dupre-toitures\/\">https:\/\/dupre-toitures<\/a>\u200b, sans autorisation de l\u2019Editeur est prohib\u00e9e et pourra entra\u00een\u00e9e des actions et poursuites judiciaires telles que notamment pr\u00e9vues par le Code de la propri\u00e9t\u00e9 intellectuelle et le Code civil.<\/p>\n","protected":false},"excerpt":{"rendered":"<p>Conform\u00e9ment aux dispositions des Articles 6-III et 19 de la Loi n\u00b02004-575 du 21 juin 2004 pour la Confiance dans l\u2019\u00e9conomie num\u00e9rique, dite L.C.E.N., il est port\u00e9 \u00e0 la connaissance des Utilisateurs du site Conform\u00e9ment aux dispositions des Articles 6-III et 19 de la Loi n\u00b02004-575 du 21 juin 2004 pour la Confiance dans l\u2019\u00e9conomie [&hellip;]<\/p>\n","protected":false},"author":1,"featured_media":0,"parent":0,"menu_order":0,"comment_status":"closed","ping_status":"closed","template":"","meta":{"_exactmetrics_skip_tracking":false,"_exactmetrics_sitenote_active":false,"_exactmetrics_sitenote_note":"","_exactmetrics_sitenote_category":0,"footnotes":""},"class_list":["post-1920","page","type-page","status-publish","hentry"],"_links":{"self":[{"href":"https:\/\/dupre-toitures.fr\/index.php\/wp-json\/wp\/v2\/pages\/1920"}],"collection":[{"href":"https:\/\/dupre-toitures.fr\/index.php\/wp-json\/wp\/v2\/pages"}],"about":[{"href":"https:\/\/dupre-toitures.fr\/index.php\/wp-json\/wp\/v2\/types\/page"}],"author":[{"embeddable":true,"href":"https:\/\/dupre-toitures.fr\/index.php\/wp-json\/wp\/v2\/users\/1"}],"replies":[{"embeddable":true,"href":"https:\/\/dupre-toitures.fr\/index.php\/wp-json\/wp\/v2\/comments?post=1920"}],"version-history":[{"count":1,"href":"https:\/\/dupre-toitures.fr\/index.php\/wp-json\/wp\/v2\/pages\/1920\/revisions"}],"predecessor-version":[{"id":1922,"href":"https:\/\/dupre-toitures.fr\/index.php\/wp-json\/wp\/v2\/pages\/1920\/revisions\/1922"}],"wp:attachment":[{"href":"https:\/\/dupre-toitures.fr\/index.php\/wp-json\/wp\/v2\/media?parent=1920"}],"curies":[{"name":"wp","href":"https:\/\/api.w.org\/{rel}","templated":true}]}}